{"id":9,"date":"2017-07-09T15:00:37","date_gmt":"2017-07-09T15:00:37","guid":{"rendered":"http:\/\/drc-sauerland.de\/?page_id=9"},"modified":"2026-03-15T14:52:46","modified_gmt":"2026-03-15T14:52:46","slug":"startseite","status":"publish","type":"page","link":"https:\/\/drc-sauerland.de\/","title":{"rendered":"Startseite"},"content":{"rendered":"<p class=\"Stil33 Stil71\"><span class=\"Stil74\"> <img loading=\"lazy\" decoding=\"async\" class=\"alignnone wp-image-45 size-full\" src=\"https:\/\/drc-sauerland.de\/wp-content\/uploads\/2017\/06\/cropped-Logo-1.jpg\" alt=\"\" width=\"500\" height=\"250\" srcset=\"https:\/\/drc-sauerland.de\/wp-content\/uploads\/2017\/06\/cropped-Logo-1.jpg 500w, https:\/\/drc-sauerland.de\/wp-content\/uploads\/2017\/06\/cropped-Logo-1-300x150.jpg 300w\" sizes=\"auto, (max-width: 500px) 100vw, 500px\" \/><\/span><\/p>\n<p class=\"Stil33 Stil71\"><span class=\"Stil74\">Liebe Retrieverfreunde,<\/span><\/p>\n<p class=\"Stil43\"><span class=\"Stil74\">wir freuen uns, dass Sie auf unsere neuen Homepage gefunden haben. <\/span><\/p>\n<p class=\"Stil43\"><span class=\"Stil74\">Die Bezirksgruppe Sauerland des Deutschen Retriever Clubs e.V. steht Ihnen als Ansprechpartner f\u00fcr Fragen rund um den Kauf, die Ausbildung und die artgerechte Besch\u00e4ftigung von Retrievern zur Verf\u00fcgung. <\/span><\/p>\n<p class=\"Stil43\"><span class=\"Stil74\">Die Bezirksgruppe Sauerland geh\u00f6rt zur <a href=\"https:\/\/drc-lg-west.de\/\" target=\"_blank\" rel=\"noopener\">Landesgruppe West des DRC e.V.<\/a><\/span><\/p>\n<p class=\"Stil43\"><span class=\"Stil74\">Egal ob Welpe, Familienhund oder Jagdhund, bei uns finden Sie ein breites Angebot zur Ausbildung ihres Hundes. <\/span><\/p>\n<p class=\"Stil43\"><span class=\"Stil74\">Tauschen Sie sich an unseren Stammtischen mit Gleichgesinnten aus. <\/span><\/p>\n<p class=\"Stil43\"><span class=\"Stil74\">Nutzen Sie die Gelegenheit, sich bei Seminaren oder Vortr\u00e4gen zu informieren. <\/span><\/p>\n<p class=\"Stil43\"><span class=\"Stil74\">Wir freuen uns nat\u00fcrlich auch \u00fcber jegliche Unterst\u00fctzung bei unseren Aktivit\u00e4ten. Sei es bei einem Arbeitseinsatz, als Helfer bei einer Pr\u00fcfung oder einem Workingtest, Sie sind herzlich willkommen. <\/span><\/p>\n<p class=\"Stil43\"><span class=\"Stil74\">F\u00fcr Ausk\u00fcnfte steht Ihnen der Vorstand oder die Ausbilder der BZG gerne zur Verf\u00fcgung.<\/span><\/p>\n<p class=\"Stil43\">Wir trainieren in Meinerzhagen auf dem Hundeplatz.<\/p>\n<p class=\"Stil43\"><span class=\"Stil74\">Ihre BZG Sauerland <\/span><\/p>\n\n\n<figure class=\"wp-block-gallery has-nested-images columns-default is-cropped wp-block-gallery-1 is-layout-flex wp-block-gallery-is-layout-flex\">\n<figure class=\"wp-block-image size-large\"><img loading=\"lazy\" decoding=\"async\" width=\"2560\" height=\"1707\" data-id=\"841\" src=\"https:\/\/drc-sauerland.de\/wp-content\/uploads\/2023\/05\/IMG_1224-scaled.jpg\" alt=\"\" class=\"wp-image-841\" srcset=\"https:\/\/drc-sauerland.de\/wp-content\/uploads\/2023\/05\/IMG_1224-scaled.jpg 2560w, https:\/\/drc-sauerland.de\/wp-content\/uploads\/2023\/05\/IMG_1224-300x200.jpg 300w, https:\/\/drc-sauerland.de\/wp-content\/uploads\/2023\/05\/IMG_1224-1024x683.jpg 1024w, https:\/\/drc-sauerland.de\/wp-content\/uploads\/2023\/05\/IMG_1224-768x512.jpg 768w, https:\/\/drc-sauerland.de\/wp-content\/uploads\/2023\/05\/IMG_1224-1536x1024.jpg 1536w, https:\/\/drc-sauerland.de\/wp-content\/uploads\/2023\/05\/IMG_1224-2048x1365.jpg 2048w\" sizes=\"auto, (max-width: 767px) 89vw, (max-width: 1000px) 54vw, (max-width: 1071px) 543px, 580px\" \/><\/figure>\n<\/figure>\n\n\n\n<p>Foto Anja Koch<\/p>\n\n\n\n<p><\/p>\n","protected":false},"excerpt":{"rendered":"<p>Liebe Retrieverfreunde, wir freuen uns, dass Sie auf unsere neuen Homepage gefunden haben. Die Bezirksgruppe Sauerland des Deutschen Retriever Clubs e.V. steht Ihnen als Ansprechpartner f\u00fcr Fragen rund um den Kauf, die Ausbildung und die artgerechte Besch\u00e4ftigung von Retrievern zur Verf\u00fcgung. Die Bezirksgruppe Sauerland geh\u00f6rt zur Landesgruppe West des DRC e.V. Egal ob Welpe, Familienhund &hellip; <\/p>\n<p class=\"link-more\"><a href=\"https:\/\/drc-sauerland.de\/\" class=\"more-link\"><span class=\"screen-reader-text\">\u201eStartseite\u201c<\/span> weiterlesen<\/a><\/p>\n","protected":false},"author":2,"featured_media":0,"parent":0,"menu_order":0,"comment_status":"closed","ping_status":"closed","template":"","meta":{"footnotes":""},"class_list":["post-9","page","type-page","status-publish","hentry"],"_links":{"self":[{"href":"https:\/\/drc-sauerland.de\/index.php?rest_route=\/wp\/v2\/pages\/9","targetHints":{"allow":["GET"]}}],"collection":[{"href":"https:\/\/drc-sauerland.de\/index.php?rest_route=\/wp\/v2\/pages"}],"about":[{"href":"https:\/\/drc-sauerland.de\/index.php?rest_route=\/wp\/v2\/types\/page"}],"author":[{"embeddable":true,"href":"https:\/\/drc-sauerland.de\/index.php?rest_route=\/wp\/v2\/users\/2"}],"replies":[{"embeddable":true,"href":"https:\/\/drc-sauerland.de\/index.php?rest_route=%2Fwp%2Fv2%2Fcomments&post=9"}],"version-history":[{"count":13,"href":"https:\/\/drc-sauerland.de\/index.php?rest_route=\/wp\/v2\/pages\/9\/revisions"}],"predecessor-version":[{"id":1412,"href":"https:\/\/drc-sauerland.de\/index.php?rest_route=\/wp\/v2\/pages\/9\/revisions\/1412"}],"wp:attachment":[{"href":"https:\/\/drc-sauerland.de\/index.php?rest_route=%2Fwp%2Fv2%2Fmedia&parent=9"}],"curies":[{"name":"wp","href":"https:\/\/api.w.org\/{rel}","templated":true}]}}